{"id":2341,"date":"2025-03-03T09:06:16","date_gmt":"2025-03-03T07:06:16","guid":{"rendered":"https:\/\/kladoswinery.gr\/deutsch\/?page_id=2341"},"modified":"2026-02-10T09:05:36","modified_gmt":"2026-02-10T07:05:36","slug":"h-e-r-i-t-a-g-e-2909-22","status":"publish","type":"page","link":"https:\/\/kladoswinery.gr\/deutsch\/h-e-r-i-t-a-g-e-2909-22\/","title":{"rendered":"H E R I T A G E 2909\/22 Vidiano"},"content":{"rendered":"<div class=\"wp-block-image\">\n<figure class=\"aligncenter size-large\"><img loading=\"lazy\" decoding=\"async\" width=\"717\" height=\"1024\" src=\"https:\/\/kladoswinery.gr\/deutsch\/wp-content\/uploads\/2025\/02\/VidianoHeritage_960-1-717x1024.jpg\" alt=\"\" class=\"wp-image-2301\" srcset=\"https:\/\/kladoswinery.gr\/deutsch\/wp-content\/uploads\/2025\/02\/VidianoHeritage_960-1-717x1024.jpg 717w, https:\/\/kladoswinery.gr\/deutsch\/wp-content\/uploads\/2025\/02\/VidianoHeritage_960-1-210x300.jpg 210w, https:\/\/kladoswinery.gr\/deutsch\/wp-content\/uploads\/2025\/02\/VidianoHeritage_960-1-768x1097.jpg 768w, https:\/\/kladoswinery.gr\/deutsch\/wp-content\/uploads\/2025\/02\/VidianoHeritage_960-1-500x714.jpg 500w, https:\/\/kladoswinery.gr\/deutsch\/wp-content\/uploads\/2025\/02\/VidianoHeritage_960-1-800x1143.jpg 800w, https:\/\/kladoswinery.gr\/deutsch\/wp-content\/uploads\/2025\/02\/VidianoHeritage_960-1.jpg 960w\" sizes=\"auto, (max-width: 717px) 100vw, 717px\" \/><\/figure>\n<\/div>\n\n\n<div class=\"wp-block-columns is-layout-flex wp-container-core-columns-is-layout-9d6595d7 wp-block-columns-is-layout-flex\">\n<div class=\"wp-block-column is-layout-flow wp-block-column-is-layout-flow\"><\/div>\n\n\n\n<div class=\"wp-block-column is-layout-flow wp-block-column-is-layout-flow\" style=\"flex-basis:500px\">\n<p class=\"has-text-align-center\"><br>Produktname:<br><strong>HERITAGE 2909\/22<\/strong><\/p>\n\n\n\n<p class=\"has-text-align-center\">Rebsorte: Vidiano 100%<br>Kategorie: P.G.I. Kreta<br>Jahrgang: 2024<br>Reifung: 6-8 Jahre<br>Volumen: 13.5 % vol \/ S\u00e4ure: 6.64 g\/l \/ pH: 3.37<br>Restzucker: 0.4 g\/l<br>Weinberg: Pyrgos Monofatsi<br>Boden: Sand &#8211; Lehm<br>H\u00f6he \u00fc. NN: 200m<br>Alter: 29 Jahre<br>Fl\u00e4chenertrag: 12 tn\/ha<\/p>\n<\/div>\n\n\n\n<div class=\"wp-block-column is-layout-flow wp-block-column-is-layout-flow\"><\/div>\n<\/div>\n\n\n\n<div class=\"wp-block-columns is-layout-flex wp-container-core-columns-is-layout-9d6595d7 wp-block-columns-is-layout-flex\">\n<div class=\"wp-block-column is-layout-flow wp-block-column-is-layout-flow\">\n<p class=\"has-text-align-center has-medium-font-size\">R E B S O R T E<\/p>\n\n\n\n<p class=\"has-text-align-center\">Vidiano:<br>Dieses historische, einheimische und<br>aromatische Sorte wird am meisten gesch\u00e4tzt<br>im  kretischen Weinberg. <br>Diese Sorte<br>mit tiefen Wurzeln in Rethymno ist ideal<br>zur Weinbereitung und <br>unverkennbar durch ihr feines Aroma und <br>helle gelbgr\u00fcne Farbt\u00f6ne. <br>Sie hat einen<br>ausgewogenen Geschmack und ist <br>ideal f\u00fcr interessante<br>Experimente mit  Alterung im Fass. <br>Vidiano ist die pupul\u00e4rste<br>Rebe des kretischen Weinbergs und<br>wird zu Recht die  \u201eWei\u00dfen Diva\u201c der Insel genannt.<\/p>\n\n\n\n<p class=\"has-text-align-center\"><\/p>\n\n\n\n<p class=\"has-text-align-center has-medium-font-size\"><br><br>V I N I F I K A T I O N S P R O Z E S S<\/p>\n\n\n\n<p class=\"has-text-align-center\">Die Trauben werden zwischen dem 10. und 20. September von Hand geerntet.<br>und mit gr\u00f6\u00dfter Sorgfalt vom Rebstock ausgew\u00e4hlt Die Mostgewinnung erfolgt mit sanftem Druck.<br>Der Most wird einige Stunden lang bei niedriger Temperatur dekantiert<br>Die Weinbereitung beginnt bei 16\u00b0C-18\u00b0C. Die G\u00e4rung findet zur H\u00e4lfte in F\u00e4ssern statt.<br>Nach Abschluss der G\u00e4rung reift der Wein weitere f\u00fcnf Monate in  F\u00e4ssern und bleibt zehn Monate lang mit der Hefe in Kontakt.<\/p>\n\n\n\n<p class=\"has-text-align-center\"><\/p>\n<\/div>\n\n\n\n<div class=\"wp-block-column is-layout-flow wp-block-column-is-layout-flow\"><div class=\"wp-block-image\">\n<figure class=\"aligncenter size-full\"><img loading=\"lazy\" decoding=\"async\" width=\"225\" height=\"777\" src=\"https:\/\/kladoswinery.gr\/deutsch\/wp-content\/uploads\/2025\/02\/heritage_2909_22.jpg\" alt=\"\" class=\"wp-image-2318\" srcset=\"https:\/\/kladoswinery.gr\/deutsch\/wp-content\/uploads\/2025\/02\/heritage_2909_22.jpg 225w, https:\/\/kladoswinery.gr\/deutsch\/wp-content\/uploads\/2025\/02\/heritage_2909_22-87x300.jpg 87w\" sizes=\"auto, (max-width: 225px) 100vw, 225px\" \/><\/figure>\n<\/div><\/div>\n\n\n\n<div class=\"wp-block-column is-layout-flow wp-block-column-is-layout-flow\">\n<p class=\"has-text-align-center has-medium-font-size\"><br>O R G A N O L E P T I S C H E <br>B E S C H R E I B U N G <\/p>\n\n\n\n<p class=\"has-text-align-center\">Helle und weiche Farbe mit gelbgoldenem Farbton. Komplexes Aroma von Fr\u00fcchten (Pfirsich, Aprikose und Ananas), mit dem charakteristischen Kr\u00e4uteraroma dieser Sorte.<br>Vanillenoten, die das Bouquet des Weins vervollst\u00e4ndigen. <br>Im Mund ist er cremig mit einer fruchtigen Komposition und einer ausgewogenen S\u00e4ure. <br>Der Nachgeschmack ist intensiv und lang anhaltend.<br>Wird bei 10\u00b0-12\u00b0C serviert und ist die perfekte Begleitung zu Meeresfr\u00fcchten, Fleisch mit wei\u00dfen Saucen, Pasta und einer gro\u00dfen Auswahl an K\u00e4se.<\/p>\n\n\n\n<p class=\"has-text-align-center has-medium-font-size\">E T I K E T T<\/p>\n\n\n\n<p class=\"has-text-align-center\">Heritage 2909\/22<br>Drei verschiedene Weine, die den drei kleinen Kindern der Familie gewidmet sind.<br>Das Erbe, das wir der neuen Generation bieten.<br>Jede Sorte wird mit dem Charakter jedes Kindes kombiniert. <br>Die Zahlen geben das Geburtsdatum des Kindes an.<\/p>\n\n\n\n<p class=\"has-text-align-center has-medium-font-size\"><a href=\"https:\/\/kladoswinery.gr\/deutsch\/wp-content\/uploads\/2025\/03\/Heritage_29_09_22_25_de.pdf\" target=\"_blank\" rel=\"noreferrer noopener\">Datenblatt 2023  <span class=\"wp-rich-text-font-awesome-icon wp-font-awesome-icon\"><svg aria-hidden=\"true\" focusable=\"false\" data-prefix=\"far\" data-icon=\"file-pdf\" class=\"svg-inline--fa fa-file-pdf \" role=\"img\" xmlns=\"http:\/\/www.w3.org\/2000\/svg\" viewBox=\"0 0 384 512\"><path fill=\"currentColor\" d=\"M320 464C328.8 464 336 456.8 336 448V416H384V448C384 483.3 355.3 512 320 512H64C28.65 512 0 483.3 0 448V416H48V448C48 456.8 55.16 464 64 464H320zM256 160C238.3 160 224 145.7 224 128V48H64C55.16 48 48 55.16 48 64V192H0V64C0 28.65 28.65 0 64 0H229.5C246.5 0 262.7 6.743 274.7 18.75L365.3 109.3C377.3 121.3 384 137.5 384 154.5V192H336V160H256zM88 224C118.9 224 144 249.1 144 280C144 310.9 118.9 336 88 336H80V368C80 376.8 72.84 384 64 384C55.16 384 48 376.8 48 368V240C48 231.2 55.16 224 64 224H88zM112 280C112 266.7 101.3 256 88 256H80V304H88C101.3 304 112 293.3 112 280zM160 240C160 231.2 167.2 224 176 224H200C226.5 224 248 245.5 248 272V336C248 362.5 226.5 384 200 384H176C167.2 384 160 376.8 160 368V240zM192 352H200C208.8 352 216 344.8 216 336V272C216 263.2 208.8 256 200 256H192V352zM336 224C344.8 224 352 231.2 352 240C352 248.8 344.8 256 336 256H304V288H336C344.8 288 352 295.2 352 304C352 312.8 344.8 320 336 320H304V368C304 376.8 296.8 384 288 384C279.2 384 272 376.8 272 368V240C272 231.2 279.2 224 288 224H336z\"><\/path><\/svg><\/span><\/a><\/p>\n\n\n\n<p class=\"has-text-align-center has-medium-font-size\"><a href=\"https:\/\/kladoswinery.gr\/deutsch\/wp-content\/uploads\/2026\/02\/Heritage_29_09_22_25_de.pdf\" target=\"_blank\" rel=\"noreferrer noopener\">Datenblatt 2024<\/a> <span class=\"wp-rich-text-font-awesome-icon wp-font-awesome-icon\"><svg aria-hidden=\"true\" focusable=\"false\" data-prefix=\"far\" data-icon=\"file-pdf\" class=\"svg-inline--fa fa-file-pdf \" role=\"img\" xmlns=\"http:\/\/www.w3.org\/2000\/svg\" viewBox=\"0 0 384 512\" color=\"var(--nv-primary-accent)\"><path fill=\"currentColor\" d=\"M320 464C328.8 464 336 456.8 336 448V416H384V448C384 483.3 355.3 512 320 512H64C28.65 512 0 483.3 0 448V416H48V448C48 456.8 55.16 464 64 464H320zM256 160C238.3 160 224 145.7 224 128V48H64C55.16 48 48 55.16 48 64V192H0V64C0 28.65 28.65 0 64 0H229.5C246.5 0 262.7 6.743 274.7 18.75L365.3 109.3C377.3 121.3 384 137.5 384 154.5V192H336V160H256zM88 224C118.9 224 144 249.1 144 280C144 310.9 118.9 336 88 336H80V368C80 376.8 72.84 384 64 384C55.16 384 48 376.8 48 368V240C48 231.2 55.16 224 64 224H88zM112 280C112 266.7 101.3 256 88 256H80V304H88C101.3 304 112 293.3 112 280zM160 240C160 231.2 167.2 224 176 224H200C226.5 224 248 245.5 248 272V336C248 362.5 226.5 384 200 384H176C167.2 384 160 376.8 160 368V240zM192 352H200C208.8 352 216 344.8 216 336V272C216 263.2 208.8 256 200 256H192V352zM336 224C344.8 224 352 231.2 352 240C352 248.8 344.8 256 336 256H304V288H336C344.8 288 352 295.2 352 304C352 312.8 344.8 320 336 320H304V368C304 376.8 296.8 384 288 384C279.2 384 272 376.8 272 368V240C272 231.2 279.2 224 288 224H336z\"><\/path><\/svg><\/span><\/p>\n<\/div>\n<\/div>\n\n\n\n<div class=\"wp-block-columns is-not-stacked-on-mobile is-layout-flex wp-container-core-columns-is-layout-9d6595d7 wp-block-columns-is-layout-flex\">\n<div class=\"wp-block-column is-layout-flow wp-block-column-is-layout-flow\"><div class=\"wp-block-image\">\n<figure class=\"aligncenter size-full is-resized\"><a href=\"https:\/\/kladoswinery.gr\/deutsch\/h-e-r-i-t-a-g-e-1412-20\/\"><img loading=\"lazy\" decoding=\"async\" width=\"43\" height=\"150\" src=\"https:\/\/kladoswinery.gr\/deutsch\/wp-content\/uploads\/2025\/03\/assyrtiko14_12_20_40.jpg\" alt=\"\" class=\"wp-image-2491\" style=\"width:44px\"\/><\/a><\/figure>\n<\/div><\/div>\n\n\n\n<div class=\"wp-block-column is-layout-flow wp-block-column-is-layout-flow\"><\/div>\n\n\n\n<div class=\"wp-block-column is-layout-flow wp-block-column-is-layout-flow\"><div class=\"wp-block-image\">\n<figure class=\"aligncenter size-full is-resized\"><a href=\"https:\/\/kladoswinery.gr\/deutsch\/h-e-r-i-t-a-g-e-2911-24\/\"><img loading=\"lazy\" decoding=\"async\" width=\"43\" height=\"150\" src=\"https:\/\/kladoswinery.gr\/deutsch\/wp-content\/uploads\/2025\/03\/liatiko_911_24_44.jpg\" alt=\"\" class=\"wp-image-2492\" style=\"width:44px\"\/><\/a><\/figure>\n<\/div><\/div>\n<\/div>\n","protected":false},"excerpt":{"rendered":"<p>Produktname:HERITAGE 2909\/22 Rebsorte: Vidiano 100%Kategorie: P.G.I. KretaJahrgang: 2024Reifung: 6-8 JahreVolumen: 13.5 % vol \/ S\u00e4ure: 6.64 g\/l \/ pH: 3.37Restzucker: 0.4 g\/lWeinberg: Pyrgos MonofatsiBoden: Sand &#8211; LehmH\u00f6he \u00fc. NN: 200mAlter: 29 JahreFl\u00e4chenertrag: 12 tn\/ha R E B S O R T E Vidiano:Dieses historische, einheimische undaromatische Sorte wird am meisten gesch\u00e4tztim kretischen Weinberg. Diese Sortemit&hellip;&nbsp;<a href=\"https:\/\/kladoswinery.gr\/deutsch\/h-e-r-i-t-a-g-e-2909-22\/\" rel=\"bookmark\">Weiterlesen &raquo;<span class=\"screen-reader-text\">H E R I T A G E 2909\/22 Vidiano<\/span><\/a><\/p>\n","protected":false},"author":1,"featured_media":0,"parent":0,"menu_order":0,"comment_status":"closed","ping_status":"closed","template":"","meta":{"neve_meta_sidebar":"","neve_meta_container":"","neve_meta_enable_content_width":"","neve_meta_content_width":0,"neve_meta_title_alignment":"","neve_meta_author_avatar":"","neve_post_elements_order":"","neve_meta_disable_header":"","neve_meta_disable_footer":"","neve_meta_disable_title":"","footnotes":""},"class_list":["post-2341","page","type-page","status-publish","hentry"],"_links":{"self":[{"href":"https:\/\/kladoswinery.gr\/deutsch\/wp-json\/wp\/v2\/pages\/2341","targetHints":{"allow":["GET"]}}],"collection":[{"href":"https:\/\/kladoswinery.gr\/deutsch\/wp-json\/wp\/v2\/pages"}],"about":[{"href":"https:\/\/kladoswinery.gr\/deutsch\/wp-json\/wp\/v2\/types\/page"}],"author":[{"embeddable":true,"href":"https:\/\/kladoswinery.gr\/deutsch\/wp-json\/wp\/v2\/users\/1"}],"replies":[{"embeddable":true,"href":"https:\/\/kladoswinery.gr\/deutsch\/wp-json\/wp\/v2\/comments?post=2341"}],"version-history":[{"count":42,"href":"https:\/\/kladoswinery.gr\/deutsch\/wp-json\/wp\/v2\/pages\/2341\/revisions"}],"predecessor-version":[{"id":2721,"href":"https:\/\/kladoswinery.gr\/deutsch\/wp-json\/wp\/v2\/pages\/2341\/revisions\/2721"}],"wp:attachment":[{"href":"https:\/\/kladoswinery.gr\/deutsch\/wp-json\/wp\/v2\/media?parent=2341"}],"curies":[{"name":"wp","href":"https:\/\/api.w.org\/{rel}","templated":true}]}}