{"id":242,"date":"2022-11-20T07:59:06","date_gmt":"2022-11-20T07:59:06","guid":{"rendered":"https:\/\/kladoswinery.gr\/deutsch\/?page_id=242"},"modified":"2023-01-13T16:27:38","modified_gmt":"2023-01-13T14:27:38","slug":"the-environs","status":"publish","type":"page","link":"https:\/\/kladoswinery.gr\/deutsch\/the-environs\/","title":{"rendered":"The Environs"},"content":{"rendered":"\n<p><\/p>\n\n\n\n<h3 class=\"wp-block-heading\" style=\"font-size:28px;letter-spacing:5px\">Die Umgebung<\/h3>\n\n\n\n<div class=\"wp-block-columns is-layout-flex wp-container-core-columns-is-layout-9d6595d7 wp-block-columns-is-layout-flex\">\n<div class=\"wp-block-column is-vertically-aligned-center is-layout-flow wp-block-column-is-layout-flow\">\n<p>Der sch\u00f6ne, preisgekr\u00f6nte Strand von Geropotamos liegt ganz in der N\u00e4he des Weinguts und diejenigen, die sich f\u00fcr Arch\u00e4ologie interessieren, k\u00f6nnen die \u00dcberreste von Eleutherna, einer der \u00e4ltesten St\u00e4dte Kretas, bewundern.<\/p>\n<\/div>\n\n\n\n<div class=\"wp-block-column is-layout-flow wp-block-column-is-layout-flow\">\n<figure class=\"wp-block-image size-full\"><img loading=\"lazy\" decoding=\"async\" width=\"500\" height=\"500\" src=\"https:\/\/kladoswinery.gr\/deutsch\/wp-content\/uploads\/2023\/01\/Eleutherna_Klados_500.jpg\" alt=\"\" class=\"wp-image-1745\" srcset=\"https:\/\/kladoswinery.gr\/deutsch\/wp-content\/uploads\/2023\/01\/Eleutherna_Klados_500.jpg 500w, https:\/\/kladoswinery.gr\/deutsch\/wp-content\/uploads\/2023\/01\/Eleutherna_Klados_500-300x300.jpg 300w, https:\/\/kladoswinery.gr\/deutsch\/wp-content\/uploads\/2023\/01\/Eleutherna_Klados_500-150x150.jpg 150w\" sizes=\"auto, (max-width: 500px) 100vw, 500px\" \/><\/figure>\n<\/div>\n<\/div>\n\n\n\n<div class=\"wp-block-columns is-layout-flex wp-container-core-columns-is-layout-9d6595d7 wp-block-columns-is-layout-flex\">\n<div class=\"wp-block-column is-layout-flow wp-block-column-is-layout-flow\">\n<figure class=\"wp-block-image size-full\"><img loading=\"lazy\" decoding=\"async\" width=\"500\" height=\"500\" src=\"https:\/\/kladoswinery.gr\/deutsch\/wp-content\/uploads\/2023\/01\/Melidoni_Cave_500.jpg\" alt=\"\" class=\"wp-image-1746\" srcset=\"https:\/\/kladoswinery.gr\/deutsch\/wp-content\/uploads\/2023\/01\/Melidoni_Cave_500.jpg 500w, https:\/\/kladoswinery.gr\/deutsch\/wp-content\/uploads\/2023\/01\/Melidoni_Cave_500-300x300.jpg 300w, https:\/\/kladoswinery.gr\/deutsch\/wp-content\/uploads\/2023\/01\/Melidoni_Cave_500-150x150.jpg 150w\" sizes=\"auto, (max-width: 500px) 100vw, 500px\" \/><\/figure>\n<\/div>\n\n\n\n<div class=\"wp-block-column is-vertically-aligned-center is-layout-flow wp-block-column-is-layout-flow\">\n<p>Auch die Melidoni-H\u00f6hle mit ihrer beeindruckenden historischen Vergangenheit befindet sich in unmittelbarer N\u00e4he.<br>Die H\u00f6hle befindet sich im Dorf Melidoni und ist von anderen malerischen D\u00f6rfern umgeben.<\/p>\n<\/div>\n<\/div>\n\n\n\n<div class=\"wp-block-columns is-layout-flex wp-container-core-columns-is-layout-9d6595d7 wp-block-columns-is-layout-flex\">\n<div class=\"wp-block-column is-vertically-aligned-center is-layout-flow wp-block-column-is-layout-flow\">\n<p><meta http-equiv=\"content-type\" content=\"text\/html; charset=utf-8\">Nur wenige Kilometer weiter kann man das traditionelle Dorf Margarites besuchen, das als Keramikzentrum bekannt ist.<\/p>\n<\/div>\n\n\n\n<div class=\"wp-block-column is-layout-flow wp-block-column-is-layout-flow\">\n<figure class=\"wp-block-image size-full is-resized\"><img loading=\"lazy\" decoding=\"async\" src=\"https:\/\/kladoswinery.gr\/deutsch\/wp-content\/uploads\/2022\/11\/margarites.jpg\" alt=\"\" class=\"wp-image-510\" width=\"500\" height=\"500\" srcset=\"https:\/\/kladoswinery.gr\/deutsch\/wp-content\/uploads\/2022\/11\/margarites.jpg 1024w, https:\/\/kladoswinery.gr\/deutsch\/wp-content\/uploads\/2022\/11\/margarites-300x300.jpg 300w, https:\/\/kladoswinery.gr\/deutsch\/wp-content\/uploads\/2022\/11\/margarites-150x150.jpg 150w, https:\/\/kladoswinery.gr\/deutsch\/wp-content\/uploads\/2022\/11\/margarites-768x768.jpg 768w, https:\/\/kladoswinery.gr\/deutsch\/wp-content\/uploads\/2022\/11\/margarites-500x500.jpg 500w, https:\/\/kladoswinery.gr\/deutsch\/wp-content\/uploads\/2022\/11\/margarites-800x800.jpg 800w\" sizes=\"auto, (max-width: 500px) 100vw, 500px\" \/><\/figure>\n<\/div>\n<\/div>\n\n\n\n<div class=\"wp-block-columns is-layout-flex wp-container-core-columns-is-layout-9d6595d7 wp-block-columns-is-layout-flex\">\n<div class=\"wp-block-column is-layout-flow wp-block-column-is-layout-flow\">\n<figure class=\"wp-block-image size-full\"><img loading=\"lazy\" decoding=\"async\" width=\"920\" height=\"921\" src=\"https:\/\/kladoswinery.gr\/deutsch\/wp-content\/uploads\/2022\/11\/klados_arkadi.jpg\" alt=\"\" class=\"wp-image-511\" srcset=\"https:\/\/kladoswinery.gr\/deutsch\/wp-content\/uploads\/2022\/11\/klados_arkadi.jpg 920w, https:\/\/kladoswinery.gr\/deutsch\/wp-content\/uploads\/2022\/11\/klados_arkadi-300x300.jpg 300w, https:\/\/kladoswinery.gr\/deutsch\/wp-content\/uploads\/2022\/11\/klados_arkadi-150x150.jpg 150w, https:\/\/kladoswinery.gr\/deutsch\/wp-content\/uploads\/2022\/11\/klados_arkadi-768x769.jpg 768w, https:\/\/kladoswinery.gr\/deutsch\/wp-content\/uploads\/2022\/11\/klados_arkadi-500x501.jpg 500w, https:\/\/kladoswinery.gr\/deutsch\/wp-content\/uploads\/2022\/11\/klados_arkadi-800x801.jpg 800w\" sizes=\"auto, (max-width: 920px) 100vw, 920px\" \/><\/figure>\n<\/div>\n\n\n\n<div class=\"wp-block-column is-vertically-aligned-center is-layout-flow wp-block-column-is-layout-flow\">\n<p>Dar\u00fcber hinaus sollte ein Reisender unbedingt das heilige Kloster von Arkadi besuchen und eine einzigartige spirituelle Erfahrung machen.<\/p>\n<\/div>\n<\/div>\n\n\n\n<div class=\"wp-block-columns is-layout-flex wp-container-core-columns-is-layout-9d6595d7 wp-block-columns-is-layout-flex\">\n<div class=\"wp-block-column is-vertically-aligned-center is-layout-flow wp-block-column-is-layout-flow\">\n<p>Nicht zuletzt lohnt sich ein Besuch der Burg Fortezza in Rethymno!<\/p>\n<\/div>\n\n\n\n<div class=\"wp-block-column is-layout-flow wp-block-column-is-layout-flow\">\n<figure class=\"wp-block-image size-full\"><img loading=\"lazy\" decoding=\"async\" width=\"1024\" height=\"682\" src=\"https:\/\/kladoswinery.gr\/deutsch\/wp-content\/uploads\/2023\/01\/villa_elia_rethymno.jpg\" alt=\"\" class=\"wp-image-1703\" srcset=\"https:\/\/kladoswinery.gr\/deutsch\/wp-content\/uploads\/2023\/01\/villa_elia_rethymno.jpg 1024w, https:\/\/kladoswinery.gr\/deutsch\/wp-content\/uploads\/2023\/01\/villa_elia_rethymno-300x200.jpg 300w, https:\/\/kladoswinery.gr\/deutsch\/wp-content\/uploads\/2023\/01\/villa_elia_rethymno-768x512.jpg 768w, https:\/\/kladoswinery.gr\/deutsch\/wp-content\/uploads\/2023\/01\/villa_elia_rethymno-500x333.jpg 500w, https:\/\/kladoswinery.gr\/deutsch\/wp-content\/uploads\/2023\/01\/villa_elia_rethymno-800x533.jpg 800w, https:\/\/kladoswinery.gr\/deutsch\/wp-content\/uploads\/2023\/01\/villa_elia_rethymno-930x620.jpg 930w\" sizes=\"auto, (max-width: 1024px) 100vw, 1024px\" \/><\/figure>\n<\/div>\n<\/div>\n\n\n\n<div class=\"wp-block-columns is-layout-flex wp-container-core-columns-is-layout-9d6595d7 wp-block-columns-is-layout-flex\">\n<div class=\"wp-block-column is-layout-flow wp-block-column-is-layout-flow\">\n<p><br><\/p>\n<\/div>\n\n\n\n<div class=\"wp-block-column is-layout-flow wp-block-column-is-layout-flow\"><\/div>\n<\/div>\n","protected":false},"excerpt":{"rendered":"<p>Die Umgebung Der sch\u00f6ne, preisgekr\u00f6nte Strand von Geropotamos liegt ganz in der N\u00e4he des Weinguts und diejenigen, die sich f\u00fcr Arch\u00e4ologie interessieren, k\u00f6nnen die \u00dcberreste von Eleutherna, einer der \u00e4ltesten St\u00e4dte Kretas, bewundern. Auch die Melidoni-H\u00f6hle mit ihrer beeindruckenden historischen Vergangenheit befindet sich in unmittelbarer N\u00e4he.Die H\u00f6hle befindet sich im Dorf Melidoni und ist von&hellip;&nbsp;<a href=\"https:\/\/kladoswinery.gr\/deutsch\/the-environs\/\" rel=\"bookmark\">Weiterlesen &raquo;<span class=\"screen-reader-text\">The Environs<\/span><\/a><\/p>\n","protected":false},"author":1,"featured_media":0,"parent":0,"menu_order":0,"comment_status":"closed","ping_status":"closed","template":"","meta":{"neve_meta_sidebar":"","neve_meta_container":"","neve_meta_enable_content_width":"","neve_meta_content_width":0,"neve_meta_title_alignment":"","neve_meta_author_avatar":"","neve_post_elements_order":"","neve_meta_disable_header":"","neve_meta_disable_footer":"","neve_meta_disable_title":"on","footnotes":""},"class_list":["post-242","page","type-page","status-publish","hentry"],"_links":{"self":[{"href":"https:\/\/kladoswinery.gr\/deutsch\/wp-json\/wp\/v2\/pages\/242","targetHints":{"allow":["GET"]}}],"collection":[{"href":"https:\/\/kladoswinery.gr\/deutsch\/wp-json\/wp\/v2\/pages"}],"about":[{"href":"https:\/\/kladoswinery.gr\/deutsch\/wp-json\/wp\/v2\/types\/page"}],"author":[{"embeddable":true,"href":"https:\/\/kladoswinery.gr\/deutsch\/wp-json\/wp\/v2\/users\/1"}],"replies":[{"embeddable":true,"href":"https:\/\/kladoswinery.gr\/deutsch\/wp-json\/wp\/v2\/comments?post=242"}],"version-history":[{"count":10,"href":"https:\/\/kladoswinery.gr\/deutsch\/wp-json\/wp\/v2\/pages\/242\/revisions"}],"predecessor-version":[{"id":1750,"href":"https:\/\/kladoswinery.gr\/deutsch\/wp-json\/wp\/v2\/pages\/242\/revisions\/1750"}],"wp:attachment":[{"href":"https:\/\/kladoswinery.gr\/deutsch\/wp-json\/wp\/v2\/media?parent=242"}],"curies":[{"name":"wp","href":"https:\/\/api.w.org\/{rel}","templated":true}]}}